termine o(h).
8
Let v(n) = n**2 + 7*n - 2. Suppose -7*x - 30 = 12. Give v(x).
-8
Let j(h) = 9*h**2 + h. Let n be (2 + 9/3)*-1. Let p(s) = s**3 + 6*s**2 + 6*s + 1. Let b be p(n). Let v = -5 - b. Determine j(v).
8
Let b(k) be the third derivative of 7*k**5/60 + k**2. Suppose -15 = 6*d - d. Let o be (-2)/6 + 2/d. Calculate b(o).
7
Let y(w) = 1 - 7 + 5*w - 4*w. Give y(5).
-1
Let a be 3*((-112)/(-12))/(-7). Let b(f) = f**2 + 5*f - 4. Give b(a).
-8
Let f(t) be the third derivative of t**4/24 - t**3/2 - 8*t**2. Calculate f(4).
1
Let h = -164 - -159. Let p(j) = 1. Let m(o) = 2*o - 3. Let x(i) = m(i) + 6*p(i). Calculate x(h).
-7
Let u(a) = -1 + 1 + 7*a - 3*a + 5. Let b(g) = 3*g + 4. Let o(l) = -3*b(l) + 2*u(l). What is o(-6)?
4
Let p be (-1)/(1 + 18/(-15)). Let l(y) = -8*y**2 + 11 - y**3 + 2*y**2 - 4 - p*y. Calculate l(-5).
7
Let g(p) = -p**3 + 8*p**2 - p - 9. Let x(a) = -a**3. Let n(u) = g(u) - 2*x(u). Calculate n(-8).
-1
Let w(s) = 13*s**2 - s. Let r(y) = -y**2. Let l(v) = -2*r(v) + w(v). Determine l(-1).
16
Let j(v) = -v + 3 - 4*v - 3*v**2 + v + v. Let i(h) = -4*h**2 - 4*h + 4. Let z(w) = -2*i(w) + 3*j(w). What is z(1)?
-1
Let t(d) = 5*d + 5. Let n be t(-2). Let w(s) be the third derivative of 0 - s**2 - 1/60*s**5 - 1/6*s**4 + 0*s + 7/6*s**3. Calculate w(n).
2
Let s(d) = d**3 - 4*d**2 - 4*d - 1. Suppose 2*i + 2*i = 2*w, 0 = i + 3*w. Let j be 15*(i - 4/(-10)). Suppose -3*o = -3*h - 18, 2*h + j = 3*o - 11. Give s(o).
4
Let m(u) be the first derivative of u**3/3 + 5*u**2/2 - 4*u + 5. Calculate m(-6).
2
Let c(w) = w**3 - 8*w**2 + 7*w - 4. Let i be 6/2 + -3 + -2. Let n be (i/2)/((-5)/35). Calculate c(n).
-4
Let j(v) be the second derivative of v**3/6 + v**2 - v. Let y = -106 - -104. Determine j(y).
0
Let s = 3 + -1. Suppose s*p - p = -4. Let z(l) = l**3 + 4*l**2 - l - 3. What is z(p)?
1
Let m(s) = s**3 - 8*s**2 + 8*s - 4. Let q be m(8). Let z(g) = 6 - 58*g + 2 + q*g. Give z(-6).
-4
Let m be ((-8)/10)/((-7)/35). Let v(q) = q**3 - 3*q**2 - q + 1. Give v(m).
13
Let n(h) be the third derivative of h**5/60 - h**4/24 + 3*h**2. Suppose 2*x = -1 - 1. Calculate n(x).
2
Let y(m) = m - 2. Let x = 35 + -20. Suppose d - x = -2*d. Calculate y(d).
3
Let u(v) = -v**2 + 4*v - 1. Suppose -3*j - 2*i + 12 + 2 = 0, -4*j + 5*i + 11 = 0. Calculate u(j).
-1
Let y(c) = -c - 5. Let g be ((-12)/48)/((-2)/16) - 10. What is y(g)?
3
Let j(q) = -q**2 - 12*q - 21. Let w be j(-9). Let c(h) = h**3 - 7*h**2 + 6*h - 8. What is c(w)?
-8
Suppose 0 = -0*i - 2*i. Let q be 4/(2/1 + i). Let u(d) = -q + 2 + d. Determine u(0).
0
Let z(p) be the second derivative of 1/6*p**3 + 0 + p + 0*p**2 + 1/24*p**4 + 1/120*p**5. Let q(j) be the second derivative of z(j). Give q(-4).
-3
Let d(m) = -2*m + 2. Let n(w) = w**3 + 5*w**2 - 6*w + 2. Suppose 0 = 3*a - 10 + 28. Let f be n(a). What is d(f)?
-2
Let r(y) be the third derivative of -y**7/1260 + y**6/240 - y**5/30 + 3*y**2. Let l(x) be the third derivative of r(x). Give l(2).
-5
Let d(z) = -6 + 12 + 10*z - 8*z. Let a(k) = 1 + 4 - 6 - k. Let o(r) = -4*a(r) - d(r). Calculate o(3).
4
Let w(t) = t**3 - t**2 + t + 1. Let j(y) = -6*y**2 + 6*y + 5. Let a = -21 - -20. Let o(c) = a*j(c) + 6*w(c). Give o(-1).
-5
Let y = -9 - -4. Let p(j) = -j**2 - 6*j - 2. Let b be p(y). Let o(i) = -i**2 + 2. What is o(b)?
-7
Suppose -5*i = -2 - 3. Let f(o) = -7*o**2 + 1. Determine f(i).
-6
Let j = 4 + -2. Let v = j - -2. Let k(b) = 2 + b - 2*b - 1. Calculate k(v).
-3
Suppose 21 = 2*q + 1. Let f(v) = v**3 - 10*v**2 - 3. What is f(q)?
-3
Let x(b) = b + 2. Let m be 2/(3*(-6)/9). Let r be (0*m/(-3))/(-2). Suppose -o + 4*c = -r*o + 16, 0 = c - 5. Give x(o).
6
Let h(k) = k. Let b be 2/(-15) - 248/(-60). What is h(b)?
4
Let n = -2 + 2. Suppose -2*b - 3*m + 19 = -n*m, 2*b + 11 = 3*m. Let d(s) = 2*s + s**b + s - 5*s - 3. Determine d(-2).
5
Let l(p) be the first derivative of -p**3 + p - 28. Calculate l(3).
-26
Let p(m) = 6*m**3 + 9*m**2 + 2*m + 11. Let a(x) = x**3 + x**2 + x + 1. Let l(g) = -5*a(g) + p(g). Let r be (-21)/42*1/((-1)/(-10)). Calculate l(r).
-4
Let u(p) = 2*p - 5. Let x be (1/(-1))/((-2)/4). Let r be 3 + 1/(x/6). Calculate u(r).
7
Let r(s) = -3*s + 3. Let k(g) = -g. Let t(o) = -2*k(o) + r(o). What is t(-6)?
9
Let q(s) = -s**2 - s + 7. Let o be q(3). Let b(a) = a**3 + 5*a**2 + 4*a - 1. What is b(o)?
-21
Let v(s) be the second derivative of 2*s**3/3 - s**2/2 - 4*s. Calculate v(1).
3
Let s(a) = a - 4. Let n be (10/(-6))/((-9)/27). What is s(n)?
1
Let l(k) = k. Let g(a) = -a**2 + 2*a - 2. Let j(z) = -g(z) + 6*l(z). Give j(-6).
14
Let o(d) be the third derivative of -7*d**5/60 - d**4/12 + d**3 + 4*d**2. Let q(u) = 8*u**2 + 2*u - 7. Let w(n) = 7*o(n) + 6*q(n). Determine w(-3).
-3
Let j(g) = 0*g - 2*g - g - 3 + 8. What is j(-4)?
17
Let o be -1*4*5/4. Let t(d) = -2*d - 5. Let l be t(-4). Let r(h) = -4*h**2 - 5*h - 7. Let v(c) = -5*c**2 - 5*c - 7. Let k(f) = l*v(f) - 4*r(f). Give k(o).
7
Let k(i) be the second derivative of -i**4/12 - 5*i**3/6 + 3*i**2/2 + 4*i. Determine k(-5).
3
Let o(i) be the second derivative of -i**5/10 + 5*i**4/4 + i**3/2 - i**2 - 5*i. Let t(r) = r**3 - 8*r**2 - 2*r + 1. Let b(u) = 4*o(u) + 7*t(u). Determine b(4).
-9
Let q(z) = -7*z**2 + 10*z + 14. Let h(g) = -9*g**2 + 11*g + 16. Let n(p) = 4*h(p) - 5*q(p). Let r = -9 + 5. Calculate n(r).
2
Suppose -3*v + 5*v - 4 = 0. Let l = -4 - -4. Let p(g) = l*g**3 + g**3 - 2 + 1 + g**v - g. Calculate p(-1).
0
Let q(x) = 2*x - 3. Let z be q(3). Suppose -3*a - 3*w - 15 = -4*w, -z*a = 3*w + 3. Let l = 2 + a. Let v(i) = 4*i. Calculate v(l).
-8
Let m(z) = z**2 + z + 1. Suppose g = -9*g. Determine m(g).
1
Let h(g) = -3*g**3 - g**2 + 2*g - 1. Let o be h(1). Let j be (-9)/(o/3 + 0). Let r(i) = i - 9 + j + i**2. Give r(-1).
0
Suppose -3*j = -8*j - 25, -30 = -2*f + 4*j. Let p(x) = 2 + 3*x + x - f*x. Let g(w) = -w. Let n be g(-2). Determine p(n).
0
Suppose 2*a = 7*a - 25. Let d(h) = h - 11. Determine d(a).
-6
Let q(s) = -3*s - 1 + 0*s + 2*s. Suppose 40 = 5*t + 5*y, -y - 23 = -4*t - 2*y. Let k(r) = 8*r + 2. Let g(u) = t*q(u) + k(u). Give g(2).
3
Let l(m) = m**3 - 5*m**3 + 2 + 3*m**3 - 5*m**2. Suppose 2*n + 2*n + 20 = 0. Calculate l(n).
2
Let t(m) = 3*m + 4. Let d(x) = 7*x + 9. Let r(g) = 4*d(g) - 9*t(g). Let b = 4 - 4. Calculate r(b).
0
Let h = 1 + -4. Let b(m) = -m**2 + 2*m + 1. Let q be b(4). Let x(z) = -z**2 + z + 7. Let r(j) = -2*j**2 + 3*j + 15. Let v(u) = q*x(u) + 3*r(u). Determine v(h).
-1
Let s(m) = m**2 - 1. Let v be s(2). Suppose 0 = v*u + 3*n - 9, -3 - 3 = -u - 2*n. Let l(o) = o**2 + 0*o**2 + 7*o + u + 3 + 4. What is l(-5)?
-3
Suppose -5*r = -18 + 43. Let s(j) = j - 1. Let m(g) = 2*g. Let i(t) = 2*m(t) - 3*s(t). Calculate i(r).
-2
Let s(t) = -2*t**3 + 3*t**2 - 2*t + 1. Let k = 7 + -7. Suppose k*g - 4 = -2*g. Determine s(g).
-7
Let g(t) be the second derivative of 2*t**3/3 - t**2 - t. Let b(d) = 5*d - 2. Let i(z) = 2*b(z) - 3*g(z). Calculate i(4).
-6
Let z(i) = -4*i - 2. Let j = -16 + 10. Let x be (-1 - -1) + (-6 - -9). Let p = x + j. Determine z(p).
10
Let s = -55 - -54. Let o(x) = 19*x + 1. Calculate o(s).
-18
Let g(l) = l**2 - 4*l + 2. Let u(j) = 6*j + 4. Let c(a) = 5*a + 3. Let n(h) = 5*c(h) - 4*u(h). Let f be n(6). Give g(f).
7
Let t(n) = 4*n - 5. Let s be (-83)/(-17) - (-8)/68. What is t(s)?
15
Let s(f) = 9 - 15 - 5*f - 3*f**2 + f**3 - f**2. Suppose 0*u + 24 = 3*u. Let w = u + -3. Determine s(w).
-6
Let f(i) = -4*i**2 - i + 1. Let y(q) = q**3 - 3*q**2 - 3*q - 2. Let b be y(4). Calculate f(b).
-17
Let x(n) be the second derivative of n**4/12 - 2*n**3/3 - 9*n**2/2 - 4*n. Let m be x(5). Let y(t) = -2*t - 4. Give y(m).
4
Suppose -3*o + 8*o - 50 = 0. Let v = -6 + o. Let m(j) be the third derivative of -j**5/30 + 7*j**4/24 - 5*j**3/6 - j**2. Determine m(v).
-9
Let u(h) = 3*h**2 - 11*h + 9. Let t(o) = -7*o**2 + 23*o - 17. Let l(z) = -2*t(z) - 5*u(z). Give l(8).
-3
Let q(y) be the second derivative of -y**3/6 + 7*y**2/2 - 2*y. Suppose -4*n = 4*l - 8, -l + 3 = 4*n - 11. What is q(n)?
3
Let h(l) = l - 1. Let j(m) = 3*m + 3. Let d(q) = -2*h(q) + j(q). Give d(-4).
1
Let t(d) = -d**2 + 3*d + 3. Let r(g) = -g**2 - 2*g + 6. Let m be r(-3). Give t(m).
3
Let g(w) be the first derivative of -w**3/3 - w**2 + 5*w + 7. What is g(-5)?
-10
Let q(h) = h - 3. Let l be q(3). Suppose 4*o - 2*o = 0. Let p = o + l. Let k(v) = v**2 - 8. Determine 